alculate the greatest common factor of o and s.
9
Let j = 547 + -239. Suppose -2*s + j = 4*z + s, 2*s = z - 77. Let n(f) = -f + 1. Let a be n(-6). Calculate the highest common factor of z and a.
7
Let o(s) = -13*s - 2. Suppose -3*b = -11 - 1, -h + 3*b - 7 = 0. Let d = -7 + h. Let r be o(d). What is the highest common divisor of r and 3?
3
Let a be (-12270)/70 + (-4)/(-14). Let p = -112 - a. Calculate the highest common factor of 9 and p.
9
Suppose 0 = -5*f + 3*o + 127 + 65, 20 = f + 4*o. Let n be (0 + 2)*(-11)/(-2). Let i = n - -1. What is the greatest common divisor of f and i?
12
Let u(v) = 15*v + 1. Let q be u(1). Calculate the highest common divisor of 64 and q.
16
Suppose -48 = 4*f - 136. Let m(w) = 7*w**2 + 3*w - 1. Let h be m(2). Calculate the greatest common divisor of f and h.
11
Let m(j) = 0 + 3*j + 2*j**2 + 3*j**2 - j**3 + 7. Let t be m(5). What is the greatest common divisor of 22 and t?
22
Let q = 25 + -17. Calculate the greatest common divisor of 1 and q.
1
Let v be 7/(-2)*(-5 - 1). Suppose -3*c = -t + 62, 2*c - 3*t + 60 = -c. Let f be c/(-6)*36/v. What is the greatest common factor of f and 6?
6
Suppose 5*p - 1 = 4*t - 5, -4*p = 0. Calculate the greatest common divisor of 2 and t.
1
Let x = 15 + -22. Let j be (-16)/x + 4/(-14). Let h = 11 - 6. What is the highest common factor of h and j?
1
Let d = 25 - 10. Suppose -2*i + 21 = u - 0*u, -54 = -4*u + 2*i. Calculate the highest common divisor of u and d.
15
Suppose -5*s + 140 = -s. Let w be ((-15)/(-6))/(1/2). Let u = 9 + w. What is the highest common factor of s and u?
7
Let b = -113 - -126. Calculate the highest common factor of 39 and b.
13
Let t be ((-8)/10)/((-1)/((-150)/(-12))). Calculate the greatest common divisor of t and 25.
5
Suppose -i = 2 - 4. Suppose -4*b + 4 = -4*p - 0, 5*b - 29 = -3*p. Let o = 6 - b. Calculate the highest common divisor of i and o.
2
Let r(n) = -n**2 + 16*n + 18. Let f be r(16). Calculate the greatest common divisor of 2 and f.
2
Let c(v) be the third derivative of -5*v**4/24 + v**3/2 - v**2. Let b be c(-5). Calculate the highest common divisor of 70 and b.
14
Let q(w) = w**3 - 21*w**2 + 19*w + 36. Let a be q(20). Calculate the greatest common divisor of a and 16.
16
Let k be (-80)/(-14) + 4/14. Let v = 12 - k. Suppose 2*s + 300 = 7*s. What is the highest common divisor of v and s?
6
Let z be (1 - -2)/(3/4). Suppose -m - 9 = -z*m. Suppose -15*k = -12*k - 9. Calculate the highest common divisor of m and k.
3
Let s = 70 - 43. Let h be -18*(3 - (-28)/(-8)). Calculate the greatest common factor of s and h.
9
Let a(m) = m**3 - 4*m**2 - 12*m + 1. Let h be a(6). Calculate the greatest common divisor of h and 1.
1
Let l be -3*(-33)/9*1. Let d(i) = 9*i**2 + i - 1. Let b be d(-2). What is the greatest common factor of l and b?
11
Let p be 16 - 4/4*3. Suppose -2*g - p = -u + 27, g = 0. Calculate the greatest common divisor of u and 16.
8
Suppose -5*h = w - 107, -w - 5*h + 3*h + 110 = 0. Calculate the highest common factor of 14 and w.
14
Let u = -1 - -8. Let h(a) = -a**2 - 5*a + 5. Let p be h(-6). Let c be (-2)/(u/(-6) - p). What is the greatest common factor of c and 36?
12
Let c(a) be the second derivative of a**4/12 + a**3/3 - 7*a**2/2 + a. Let i be c(6). Let z = i - -24. What is the greatest common divisor of 13 and z?
13
Suppose 4*b + 8 = 0, 0 = -2*d + 4*d - 3*b - 16. Calculate the highest common divisor of 2 and d.
1
Let x be (-91)/(-21) - 3/9. Calculate the greatest common factor of 2 and x.
2
Suppose -5*r + r = -588. Let a = 245 - r. Calculate the highest common factor of a and 14.
14
Let m = 6 + -6. Suppose -3*l + 83 + 52 = m. What is the highest common divisor of l and 18?
9
Let j = -12 - -20. What is the highest common factor of j and 8?
8
Let g = -4 + 6. Suppose g*o + 10 = 52. What is the greatest common divisor of o and 14?
7
Suppose -3*p = -4*a - 125, p - 5*a - 41 - 8 = 0. What is the highest common factor of 13 and p?
13
Let u be 51/15 - (-4)/(-10). Suppose 0 = u*j - 6*j + 6. Suppose 4*q + 2 = j*q, 5*q = -3*k + 34. Calculate the highest common factor of k and 26.
13
Suppose 59 = 2*n - x, 2*n - 7*n + 4*x + 146 = 0. Suppose -6*p = -10*p + 80. What is the highest common factor of n and p?
10
Let n be (18/4)/((-27)/(-306)). What is the highest common factor of 51 and n?
51
Suppose 0*m - 7 = -m. Let v be 2/7 - (-782)/m. What is the greatest common divisor of 16 and v?
16
Let c(d) = -d**3 + 5*d**2 + 2. Let b be c(5). Suppose 0 = -b*x - 0 + 6. Calculate the greatest common factor of x and 24.
3
Let d(a) = -a**3 + 5*a**2 - 4*a + 3. Let s be d(4). Suppose -48 = -s*c - c. What is the greatest common divisor of c and 24?
12
Let u(k) = k - 1. Let f be u(5). Let s = -14 + 16. Suppose s*o = o + f*a + 22, -2*a = -10. Calculate the greatest common factor of 6 and o.
6
Let p = 5 + 1. Let b = -3 + p. What is the greatest common factor of 1 and b?
1
Let q = -8 - -13. Suppose -2*v + 22 = -3*z - z, -v - 3*z = -21. Calculate the greatest common factor of q and v.
5
Suppose 5*z = 3*z. Suppose -v + 2*m + 8 + 14 = 0, v - 3*m - 26 = z. What is the highest common divisor of 56 and v?
14
Let q(b) = -106*b**3 - 11*b**2 + 25*b**3 + 10*b**2. Let x be q(-1). Suppose 0 = -0*l + l - x. Calculate the greatest common divisor of l and 16.
16
Suppose -7 + 62 = 5*x. Calculate the highest common factor of 99 and x.
11
Let o be (-1 + 1 + 0)*-1. Suppose -2*x - 2 - 6 = o. Let g be 21/6*x/(-1). Calculate the highest common divisor of g and 35.
7
Suppose -23*l + 32*l = 630. Let b = -3 - -31. What is the greatest common divisor of l and b?
14
Let t(z) = 4*z - 2. Let p be t(2). Let o(v) = -v**3 + 8*v**2 - 10*v + 6. Let j be o(p). Let r be 34/4 - (-1)/2. Calculate the highest common divisor of r and j.
9
Suppose 2*v = 141 + 101. Let p = v + -83. Calculate the greatest common divisor of p and 19.
19
Let w(t) = -t**2 - 10*t + 13. Suppose -2*d - 13 = 9. Let g be w(d). Calculate the greatest common factor of g and 3.
1
Suppose 2*d = 2*z - 280, -z - z + 245 = 5*d. Let o(a) = -11*a - 3. Let j be o(-2). Let y = j + -4. Calculate the greatest common factor of y and z.
15
Suppose -5*l - 2*b + 77 = 0, l = 2*l - 5*b - 37. Let a = -29 + l. Let h be (-5)/(-2)*a/(-10). Calculate the highest common factor of h and 15.
3
Let h be 1/((21/(-12))/(-7)). Suppose h*g - 26 = 2*g. Calculate the greatest common factor of 39 and g.
13
Suppose -67 = -5*c - n + 73, 42 = c + 3*n. Let k = -6 - c. Let h be k/(-4) - (-9)/12. Calculate the highest common divisor of h and 9.
9
Suppose -z - 5 = 7. Let i be (-1443)/z + (-2)/8. Calculate the greatest common factor of 12 and i.
12
Suppose -2*i = -i - 12. Let o = 4 + i. Suppose -h + z + z = -154, 3*h - 452 = 4*z. Calculate the highest common factor of h and o.
16
Let n be -2 - (-17)/(0 + 1). Suppose r - 6 = -r. What is the greatest common divisor of n and r?
3
Suppose 17 + 5 = -2*k - 4*p, 5*k + p + 28 = 0. Let v = 13 + k. Let i(t) = -8*t**3 + t**2 - 1. Let z be i(-1). Calculate the highest common factor of z and v.
8
Let y be 0 - (0/1)/(-3). Suppose y*w = w - 4. What is the greatest common divisor of w and 4?
4
Let x be 11*5 + 2 - 2. Let y = 28 - 23. Calculate the greatest common factor of x and y.
5
Let a = 103 + -64. Let u = -27 + a. What is the highest common divisor of 8 and u?
4
Let l(s) = -s**3 + 15*s**2 - 6*s. Let b be l(14). Calculate the highest common factor of 16 and b.
16
Suppose 0*i - 231 = -i. What is the highest common divisor of i and 21?
21
Suppose 10*q - 272 = 6*q. Let v be (-4)/(-2) - (-15)/1. Calculate the greatest common divisor of v and q.
17
Suppose 4*c + 23 - 3 = 0. Let h(o) = o**3 + 6*o**2 - 6*o - 5. Let t be h(c). Calculate the greatest common divisor of 10 and t.
10
Suppose 4 = -3*i + 28. What is the greatest common factor of i and 32?
8
Let j(l) = l + 3. Let n be j(4). Calculate the highest common factor of n and 56.
7
Suppose 5*q + 5*g = 91 + 29, 3*q - 80 = g. Let z be -26*4/(-9 + 1). What is the highest common divisor of z and q?
13
Let m(t) = 7*t - 5. Let u be m(-4). Let k = 17 - u. Suppose -77 = -5*j + 23. Calculate the highest common divisor of j and k.
10
Let l be 16/(-6)*(-16 - -1). Let t(y) = y**2 + 6*y + 7. Let p be t(-6). Suppose -n + 13 = 2*d, -d - p = -4*n - 0. What is the highest common divisor of d and l?
5
Suppose -30 = -3*g - 6. Le